nd 1012?
1012
Calculate the greatest common factor of 936 and 26403.
39
What is the highest common divisor of 30 and 143580?
30
What is the greatest common factor of 11045 and 11750?
235
What is the greatest common factor of 35 and 763?
7
What is the highest common divisor of 25635 and 1245?
15
Calculate the highest common factor of 11823 and 525.
21
Calculate the highest common factor of 2667 and 2646.
21
What is the highest common divisor of 420 and 6216?
84
Calculate the greatest common divisor of 1034 and 1331.
11
What is the greatest common divisor of 322600 and 2120?
40
Calculate the highest common factor of 772 and 625899.
193
Calculate the greatest common divisor of 36 and 136716.
12
What is the greatest common divisor of 81313 and 122?
61
Calculate the greatest common divisor of 81 and 292977.
81
Calculate the greatest common divisor of 316 and 38710.
158
Calculate the greatest common factor of 1728 and 103872.
192
Calculate the greatest common factor of 1779984 and 94.
94
Calculate the highest common factor of 7504 and 603.
67
What is the greatest common factor of 2349 and 3438?
9
What is the highest common factor of 41 and 394?
1
What is the greatest common divisor of 161 and 403949?
161
Calculate the highest common factor of 99 and 79167.
33
What is the highest common factor of 43554 and 17?
17
Calculate the highest common factor of 381251 and 91.
13
What is the greatest common divisor of 418743 and 81?
27
What is the greatest common factor of 3741 and 6?
3
Calculate the highest common divisor of 2450 and 20300.
350
Calculate the highest common factor of 513 and 7239.
57
Calculate the highest common factor of 3577 and 26803.
49
Calculate the greatest common divisor of 87200 and 850.
50
What is the greatest common divisor of 2065 and 385?
35
Calculate the greatest common divisor of 35 and 1185.
5
What is the highest common factor of 398 and 166?
2
What is the greatest common divisor of 149035 and 1454?
727
Calculate the highest common divisor of 531 and 5103.
9
Calculate the greatest common divisor of 112 and 136402.
14
What is the highest common factor of 41782 and 286?
26
Calculate the greatest common factor of 6889 and 31208.
83
Calculate the highest common factor of 441 and 896063.
49
Calculate the highest common divisor of 543280 and 80.
80
Calculate the highest common divisor of 311697 and 177.
177
What is the highest common factor of 610 and 2560?
10
What is the greatest common factor of 400 and 312?
8
What is the greatest common factor of 124173 and 27?
27
Calculate the highest common divisor of 8463 and 546.
273
Calculate the highest common divisor of 102170 and 850.
170
What is the highest common factor of 1005 and 430341?
201
Calculate the greatest common divisor of 74 and 7503267.
37
Calculate the greatest common factor of 70175 and 875.
175
Calculate the greatest common factor of 139290 and 150.
30
Calculate the highest common factor of 25699 and 93.
31
Calculate the highest common divisor of 43623 and 3930.
393
What is the highest common factor of 2958024 and 177?
177
What is the highest common divisor of 44 and 217228?
44
Calculate the highest common factor of 2577 and 1529879.
859
What is the greatest common divisor of 82365 and 75?
15
What is the greatest common factor of 22 and 2981?
11
Calculate the greatest common factor of 33405 and 207060.
255
Calculate the highest common divisor of 104344 and 64.
8
What is the highest common divisor of 148225 and 165?
55
What is the highest common factor of 199848 and 297?
33
What is the highest common divisor of 726 and 90?
6
Calculate the greatest common factor of 978 and 1433259.
489
What is the highest common factor of 5983 and 92447?
193
Calculate the highest common divisor of 3692766 and 616.
154
Calculate the highest common factor of 1635 and 6213.
327
Calculate the greatest common factor of 57 and 3.
3
Calculate the greatest common divisor of 164856 and 876.
12
What is the highest common divisor of 14 and 409234?
14
Calculate the greatest common divisor of 96 and 104.
8
What is the highest common factor of 1804 and 1094208?
164
What is the highest common factor of 1101 and 48?
3
What is the highest common divisor of 11 and 36806?
11
What is the greatest common factor of 1968 and 189912?
984
Calculate the greatest common divisor of 5622335 and 148.
37
Calculate the greatest common factor of 21 and 44807.
7
Calculate the greatest common divisor of 46 and 11960.
46
What is the greatest common factor of 1274425 and 475?
475
What is the greatest common divisor of 16174842 and 138?
138
Calculate the highest common factor of 8 and 18184.
8
What is the greatest common divisor of 12330 and 4230?
90
What is the greatest common factor of 105 and 86345?
35
What is the highest common divisor of 158 and 2968267?
79
Calculate the highest common factor of 9977 and 88.
11
Calculate the greatest common divisor of 3372408 and 72.
72
What is the greatest common factor of 49138 and 316?
158
What is the highest common divisor of 50 and 40170?
10
What is the highest common divisor of 36 and 284052?
12
Calculate the highest common divisor of 343 and 78743.
49
Calculate the greatest common factor of 45472 and 58.
58
Calculate the highest common divisor of 955 and 69415.
5
Calculate the greatest common divisor of 319 and 1537.
29
Calculate the greatest common factor of 1005 and 3495.
15
Calculate the greatest common factor of 81684 and 36.
36
Calculate the highest common factor of 1399 and 4.
1
Calculate the highest common factor of 17442 and 3306.
114
Calculate the greatest common factor of 61 and 28243.
61
Calculate the highest common factor of 4630 and 370.
10
Calculate the greatest common factor of 256 and 468.
4
Calculate the greatest common divisor of 810 and 39600.
90
What is the highest common factor of 2250 and 12250?
250
What is the highest common divisor of 43875 and 4563?
351
What is the greatest common factor of 21264 and 960?
48
What is the greatest common factor of 3731199 and 2043?
681
Calculate the greatest common factor of 5823 and 9.
9
Calculate the highest common divisor of 2 and 96850.
2
What is the greatest common factor of 254410 and 19?
19
What is the highest common divisor of 201688 and 1360?
136
Calculate the highest common divisor of 18 and 251232.
6
Calculate the greatest common divisor of 1272 and 1812918.
318
What is the greatest common factor of 180812 and 136?
68
What is the highest common divisor of 436560 and 9520?
1360
What is the highest common factor of 28 and 3633?
7
Calculate the greatest common factor of 44068 and 138.
46
Calculate the highest common divisor of 490 and 1834805.
245
What is the greatest common divisor of 4746784 and 224?
224
What is the highest common divisor of 182 and 1742?
26
Calculate the highest common factor of 1228 and 314982.
614
Calculate the greatest common factor of 25400 and 5725.
25
What is the greatest common factor of 204 and 3168?
12
What is the greatest common divisor of 90 and 538695?
45
What is the greatest common divisor of 97 and 576?
1
Calculate the greatest common factor of 15431 and 8749.
13
Calculate the highest common factor of 5726 and 19600.
14
What is the highest common factor of 180 and 3072?
12
What is the greatest common factor of 381 and 29845?
127
Calculate the greatest common factor of 2 and 289550.
2
Calculate the highest common factor of 250107 and 286.
143
What is the highest common factor of 3010 and 293174?
602
Calculate the greatest common divisor of 45581 and 399.
19
Calculate the greatest common divisor of 317530 and 110.
10
Calculate the highest common factor of 28497 and 690.
69
Calculate the highest common factor of 992 and 312448.
32
What is the greatest common factor of 104797 and 77?
77
Calculate the greatest common factor of 61 and 605791.
61
Calculate the highest common divisor of 1327020 and 60.
60
What is the highest common divisor of 1557 and 4950?
9
What is the greatest common factor of 51 and 98957?
17
Calculate the greatest common divisor of 3200 and 110.
10
Calculate the greatest common factor of 252086 and 12050.
482
What is the greatest common factor of 110637 and 969?
57
What is the greatest common factor of 50 and 44470?
10
Calculate the greatest common factor of 10286 and 